divided by y.
11
Let i be -2 - (0 + 2)/(-1). Let v(w) = w**2 + w. Let b be v(1). Suppose -b*j = j - q - 105, i = 2*q. What is the remainder when j is divided by 18?
17
Suppose 48 = -q - 2*q + 5*k, -q + 1 = 4*k. What is the remainder when 41 is divided by 3 - (q - 0)*1?
13
Suppose 3*a - 85 = 3*v + 62, -5*v = -3*a + 149. Calculate the remainder when a is divided by 17.
14
Let x = 0 - -12. Calculate the remainder when x is divided by 5.
2
Suppose 4*v - 100 + 8 = 0. Suppose 197 + v = 4*c. What is the remainder when c is divided by 19?
17
Let r = 99 + -40. What is the remainder when r is divided by 21?
17
Let b(l) = l**3 + 10*l**2 - 8*l - 11. Let s be b(-10). Let a = -46 + s. Calculate the remainder when 43 is divided by a.
20
Let a(y) be the first derivative of 0*y + 7/2*y**2 - 2. What is the remainder when 41 is divided by a(2)?
13
Let w(a) = -a**2 - 8*a - 3. Let b = 3 + -1. Suppose -b*n - 2*n = -92. Calculate the remainder when n is divided by w(-5).
11
Let v = -52 + 27. Let a = v + 31. Let n = 64 + -43. What is the remainder when n is divided by a?
3
Suppose 4*z - 44 - 48 = 0. Calculate the remainder when z*1 - (4 + -6) is divided by 7.
4
Let y = -9 - -4. Let n(w) = -w + 2. What is the remainder when 6*(-3 - (-1 + -4)) is divided by n(y)?
5
Let s(z) = z**3 + 4*z**2. Suppose -5*v = -0*c + c + 4, 0 = -c + 4*v + 5. Let t(l) = -3*l. Let h be t(c). What is the remainder when s(h) is divided by 5?
4
Let n(x) = -10*x**3 + 2*x**2 + 3*x - 2. Let h be n(2). Suppose 26*k + 12 = 28*k. What is the remainder when h/(-6) + 2/(-6) is divided by k?
5
Let v be 3 - -50 - (0 - -1). Suppose v = d + 15. Let y = -21 + d. What is the remainder when 46 is divided by y?
14
Let c = 10 + 10. Let m = -6 - -17. What is the remainder when c is divided by m?
9
Suppose 3*m + 60 = 3*i + 6*m, -3*i + 3*m + 78 = 0. Calculate the remainder when i is divided by 12.
11
Suppose 4*k - 3 = 2*s - 41, 5*s - 2*k = 79. Let x(z) = z - 14. Calculate the remainder when 2 is divided by x(s).
0
Suppose -29 = -2*v + 3*d, -2*v + 32 = -d - 7. Calculate the remainder when 37 is divided by v.
15
Let d(f) = f**2 - 9*f + 5. Calculate the remainder when d(10) is divided by 4.
3
Suppose -12 = -j + 1. Suppose 0 = -2*r - 1 + j. What is the remainder when 16 is divided by r?
4
Suppose -j + 4*j - 81 = 0. Calculate the remainder when 80 is divided by j.
26
Suppose 0 = -5*j + 4*t + 104, -3*t - 79 = -4*j - 4*t. What is the remainder when 57 is divided by j?
17
Let y = 0 - -2. Suppose 0 = y*q - 43 - 57. What is the remainder when q is divided by 13?
11
Suppose -2*m + 3*x = 7*x - 110, -2*x - 215 = -5*m. What is the remainder when m is divided by 11 + (-1)/2*-2?
9
Let s be 7/(-4) + 2/(-8). Let x = s - -29. What is the remainder when x is divided by 7?
6
Suppose -x - d = -5*d - 22, -4*x + 12 = 3*d. Suppose -x*h = -h - 60. What is the remainder when 35 is divided by h?
11
What is the remainder when (-1)/(-3) - 59/(-3) is divided by -5 - 65/(-10) - 38/(-4)?
9
Let f(i) = -i**3 - 15*i**2 - 2*i - 8. What is the remainder when 40 is divided by f(-15)?
18
Let y(f) = f**2 + 8*f - 13. Suppose l = -4*l - 50. What is the remainder when y(l) is divided by 5?
2
Let k(j) = -3*j**3 + 5*j**2 - 5*j - 13. Let n(m) = -2*m**3 + 4*m**2 - 4*m - 12. Let c(y) = 3*k(y) - 4*n(y). What is the remainder when 34 is divided by c(0)?
7
Let v(a) = -a**2 + 25*a + 15. Calculate the remainder when v(20) is divided by 29.
28
Suppose 2*o + l - 33 = 0, 4*o - 3*l - 20 = 71. What is the remainder when 93 is divided by o?
17
Calculate the remainder when 0 - 1 - -30 - 0 is divided by 8.
5
Suppose -3*u - 94 = -253. Calculate the remainder when 104 is divided by u.
51
Suppose 0 = -3*b + 12. Let w = -7 - -18. What is the remainder when w is divided by b?
3
Let v(j) = j - 6. Let d be v(10). Suppose -48 = -3*m - 9. Calculate the remainder when (-610)/(-25) + d/(-10) is divided by m.
11
Suppose 4*c + 2*z = 32, 3*z - 3 = 4*c - 15. Suppose -2*b - 16 = -c*b. What is the remainder when 11 is divided by b?
3
Calculate the remainder when (-2)/(88/(-20) + 4) is divided by 3.
2
Suppose 37 = t + 5*d - 48, 5*t - 359 = -3*d. Suppose -2*z = 2*z - 96. Calculate the remainder when t is divided by z.
22
Suppose 2*k + 2*k = -r + 34, -2*k - 60 = -5*r. Calculate the remainder when r is divided by 4.
2
Let w be (-1)/(-2) + (-218)/4. Let j = w - -92. Let d = 47 + -27. What is the remainder when j is divided by d?
18
Let w = -1 + -1. What is the remainder when 26 is divided by (w - 5/2)*-2?
8
Suppose 0*v = 2*v - 276. Suppose -29 = -6*a + 181. Calculate the remainder when v is divided by a.
33
Suppose -q + 3*x + 42 + 32 = 0, 2*x = 4*q - 286. Calculate the remainder when q is divided by 19.
14
Let c(y) = -2*y. Let b be c(5). Calculate the remainder when 86 is divided by 4/b - (-224)/10.
20
Suppose 3 = -5*z + 13. Suppose -44 = -z*v - 6. What is the remainder when 12/(12*7/392) is divided by v?
18
Let g = 13 - 8. Suppose 4*m = -0*y + y + 20, 5*m + g*y = 50. Calculate the remainder when 10 is divided by m.
4
Suppose 4*v = -v + 20. Suppose 4*m - 152 = m - 4*o, -56 = -m - v*o. Let h = 94 - m. Calculate the remainder when h is divided by 16.
14
Let l(v) = -v + 12. What is the remainder when 63 is divided by l(-5)?
12
Let a = 217 - 106. Calculate the remainder when a is divided by 16.
15
Let f = 15 - 6. Suppose -f = 5*p - 54. What is the remainder when 24 is divided by p?
6
Suppose 0*r = -4*r + 208. Let x be 416/(-12) + 2/3. Let i = x - -52. Calculate the remainder when r is divided by i.
16
Let s(x) be the second derivative of x**3/6 + 7*x**2/2 - 2*x. Let q be (10/(-20))/(1/12). Calculate the remainder when 1 is divided by s(q).
0
Suppose 2*g = -0*b + b + 5, 2*g - 35 = -5*b. Let f = 32 - g. What is the remainder when f is divided by 5*(-3)/((-15)/14)?
13
Let y = 166 + -114. Let k(u) = 2*u - 4. Calculate the remainder when y is divided by k(9).
10
Let w = 3 - -2. Suppose h - 10 - 2 = 0. What is the remainder when h is divided by w?
2
Let u(n) = 4*n - n + 3*n**2 - 2*n + 13*n**2. Calculate the remainder when 58 is divided by u(-1).
13
Let y(x) = -x**3 + 4*x**2 + 7*x + 1. Calculate the remainder when y(5) is divided by 2.
1
Let g = -71 + 84. Calculate the remainder when 129 is divided by g.
12
Let m = 10 - 3. What is the remainder when 10 is divided by m?
3
Let i(z) = 16*z**3 - 2*z**2 - 2*z + 1. Calculate the remainder when i(2) is divided by 24.
21
Let w = 15 - 9. Suppose -s = -5 - 16. What is the remainder when s is divided by w?
3
What is the remainder when (314 + -5)/3*1 is divided by 15?
13
Let x(o) = -o**3 + 4. Suppose y - 86 = -3*f, -f - y + 10 = 4*y. Suppose -3*u + f = 2*u. What is the remainder when u is divided by x(0)?
2
Suppose 0*c = c - 5. Suppose 2*w + 4*h = -0*w + 56, 3*w + 2*h - 64 = 0. Calculate the remainder when w is divided by c.
3
Let g be (-2 - 1)*(-12)/9. Let a(h) be the second derivative of h**5/20 - h**4/4 + 2*h**2 + h. What is the remainder when a(g) is divided by 11?
9
Let h = 0 - -5. Suppose 7*f = 4*f - 3*l + 45, -l + 75 = h*f. Let i = 19 - 11. What is the remainder when f is divided by i?
7
Suppose -2*p + 26 = -0. Suppose 0 = -4*z - 20 + 120. Calculate the remainder when z is divided by p.
12
Let y = 30 - 16. Let d = 33 - y. Suppose -2*o = -0*o - 110. Calculate the remainder when o is divided by d.
17
Suppose -x + 7 = 5*j, -8*x + 101 = -3*x + 3*j. Suppose x - 2 = 2*p. Suppose -3*o - 2*o + p = 0. Calculate the remainder when 5 is divided by o.
1
Suppose 5*t = -o + 20 + 37, 5*t = -10. What is the remainder when o is divided by 17?
16
What is the remainder when 15/(-5) - 114/(-1) is divided by 38?
35
Let p(c) be the third derivative of c**6/120 + c**5/20 + c**4/12 + c**3/3 - 2*c**2. What is the remainder when (-10)/25 + (-44)/(-10) is divided by p(-2)?
0
Suppose 0*d = -2*d + 12. Suppose -d*n + 2*n = -72. Calculate the remainder when n is divided by 7.
4
Let u(b) = 43*b - 1. Suppose 2*f = 2 + 4. What is the remainder when u(1) is divided by -33*6/(-27)*f?
20
Let g = -1 + 3. Suppose g*i = -2*i + 36. Calculate the remainder when 25 is divided by i.
7
Suppose 0*g - 4*g - u = 0, 0 = u - 4. Let r = 2 - g. What is the remainder when -2 + r - (-27 - 0) is divided by 10?
8
Let o = -73 + 100. Calculate the remainder when o is divided by 8.
3
Suppose -5*o + 3*o = -44. Suppos